{"id":101,"date":"2023-02-22T12:08:46","date_gmt":"2023-02-22T05:08:46","guid":{"rendered":"https:\/\/innhanhlpt.com\/?page_id=101"},"modified":"2023-02-26T03:30:43","modified_gmt":"2023-02-25T20:30:43","slug":"mau-san-pham","status":"publish","type":"page","link":"https:\/\/innhanhlpt.com\/index.php\/mau-san-pham\/","title":{"rendered":"M\u1eaaU S\u1ea2N PH\u1ea8M"},"content":{"rendered":"","protected":false},"excerpt":{"rendered":"","protected":false},"author":1,"featured_media":0,"parent":0,"menu_order":0,"comment_status":"closed","ping_status":"closed","template":"","meta":{"_kad_post_transparent":"","_kad_post_title":"hide","_kad_post_layout":"fullwidth","_kad_post_sidebar_id":"","_kad_post_content_style":"unboxed","_kad_post_vertical_padding":"hide","_kad_post_feature":"hide","_kad_post_feature_position":"","_kad_post_header":false,"_kad_post_footer":false,"footnotes":""},"class_list":["post-101","page","type-page","status-publish","hentry"],"yoast_head":"<!-- This site is optimized with the Yoast SEO plugin v20.1 - https:\/\/yoast.com\/wordpress\/plugins\/seo\/ -->\n<title>M\u1eaaU S\u1ea2N PH\u1ea8M - In L\u00e2m Ph\u00fa T\u00e0i<\/title>\n<meta name=\"robots\" content=\"index, follow, max-snippet:-1, max-image-preview:large, max-video-preview:-1\" \/>\n<link rel=\"canonical\" href=\"https:\/\/innhanhlpt.com\/index.php\/mau-san-pham\/\" \/>\n<meta property=\"og:locale\" content=\"vi_VN\" \/>\n<meta property=\"og:type\" content=\"article\" \/>\n<meta property=\"og:title\" content=\"M\u1eaaU S\u1ea2N PH\u1ea8M - In L\u00e2m Ph\u00fa T\u00e0i\" \/>\n<meta property=\"og:url\" content=\"https:\/\/innhanhlpt.com\/index.php\/mau-san-pham\/\" \/>\n<meta property=\"og:site_name\" content=\"In L\u00e2m Ph\u00fa T\u00e0i\" \/>\n<meta property=\"article:modified_time\" content=\"2023-02-25T20:30:43+00:00\" \/>\n<meta name=\"twitter:card\" content=\"summary_large_image\" \/>\n<script type=\"application\/ld+json\" class=\"yoast-schema-graph\">{\"@context\":\"https:\/\/schema.org\",\"@graph\":[{\"@type\":\"WebPage\",\"@id\":\"https:\/\/innhanhlpt.com\/index.php\/mau-san-pham\/\",\"url\":\"https:\/\/innhanhlpt.com\/index.php\/mau-san-pham\/\",\"name\":\"M\u1eaaU S\u1ea2N PH\u1ea8M - In L\u00e2m Ph\u00fa T\u00e0i\",\"isPartOf\":{\"@id\":\"https:\/\/innhanhlpt.com\/#website\"},\"datePublished\":\"2023-02-22T05:08:46+00:00\",\"dateModified\":\"2023-02-25T20:30:43+00:00\",\"breadcrumb\":{\"@id\":\"https:\/\/innhanhlpt.com\/index.php\/mau-san-pham\/#breadcrumb\"},\"inLanguage\":\"vi\",\"potentialAction\":[{\"@type\":\"ReadAction\",\"target\":[\"https:\/\/innhanhlpt.com\/index.php\/mau-san-pham\/\"]}]},{\"@type\":\"BreadcrumbList\",\"@id\":\"https:\/\/innhanhlpt.com\/index.php\/mau-san-pham\/#breadcrumb\",\"itemListElement\":[{\"@type\":\"ListItem\",\"position\":1,\"name\":\"Trang ch\u1ee7\",\"item\":\"https:\/\/innhanhlpt.com\/\"},{\"@type\":\"ListItem\",\"position\":2,\"name\":\"M\u1eaaU S\u1ea2N PH\u1ea8M\"}]},{\"@type\":\"WebSite\",\"@id\":\"https:\/\/innhanhlpt.com\/#website\",\"url\":\"https:\/\/innhanhlpt.com\/\",\"name\":\"In L\u00e2m Ph\u00fa T\u00e0i\",\"description\":\"In nhanh l\u1ea5y ngay\",\"publisher\":{\"@id\":\"https:\/\/innhanhlpt.com\/#organization\"},\"potentialAction\":[{\"@type\":\"SearchAction\",\"target\":{\"@type\":\"EntryPoint\",\"urlTemplate\":\"https:\/\/innhanhlpt.com\/?s={search_term_string}\"},\"query-input\":\"required name=search_term_string\"}],\"inLanguage\":\"vi\"},{\"@type\":\"Organization\",\"@id\":\"https:\/\/innhanhlpt.com\/#organization\",\"name\":\"In L\u00e2m Ph\u00fa T\u00e0i\",\"url\":\"https:\/\/innhanhlpt.com\/\",\"logo\":{\"@type\":\"ImageObject\",\"inLanguage\":\"vi\",\"@id\":\"https:\/\/innhanhlpt.com\/#\/schema\/logo\/image\/\",\"url\":\"https:\/\/innhanhlpt.com\/wp-content\/uploads\/2023\/02\/LOGO-LPT-1.png\",\"contentUrl\":\"https:\/\/innhanhlpt.com\/wp-content\/uploads\/2023\/02\/LOGO-LPT-1.png\",\"width\":1172,\"height\":1362,\"caption\":\"In L\u00e2m Ph\u00fa T\u00e0i\"},\"image\":{\"@id\":\"https:\/\/innhanhlpt.com\/#\/schema\/logo\/image\/\"}}]}<\/script>\n<!-- \/ Yoast SEO plugin. -->","yoast_head_json":{"title":"M\u1eaaU S\u1ea2N PH\u1ea8M - In L\u00e2m Ph\u00fa T\u00e0i","robots":{"index":"index","follow":"follow","max-snippet":"max-snippet:-1","max-image-preview":"max-image-preview:large","max-video-preview":"max-video-preview:-1"},"canonical":"https:\/\/innhanhlpt.com\/index.php\/mau-san-pham\/","og_locale":"vi_VN","og_type":"article","og_title":"M\u1eaaU S\u1ea2N PH\u1ea8M - In L\u00e2m Ph\u00fa T\u00e0i","og_url":"https:\/\/innhanhlpt.com\/index.php\/mau-san-pham\/","og_site_name":"In L\u00e2m Ph\u00fa T\u00e0i","article_modified_time":"2023-02-25T20:30:43+00:00","twitter_card":"summary_large_image","schema":{"@context":"https:\/\/schema.org","@graph":[{"@type":"WebPage","@id":"https:\/\/innhanhlpt.com\/index.php\/mau-san-pham\/","url":"https:\/\/innhanhlpt.com\/index.php\/mau-san-pham\/","name":"M\u1eaaU S\u1ea2N PH\u1ea8M - In L\u00e2m Ph\u00fa T\u00e0i","isPartOf":{"@id":"https:\/\/innhanhlpt.com\/#website"},"datePublished":"2023-02-22T05:08:46+00:00","dateModified":"2023-02-25T20:30:43+00:00","breadcrumb":{"@id":"https:\/\/innhanhlpt.com\/index.php\/mau-san-pham\/#breadcrumb"},"inLanguage":"vi","potentialAction":[{"@type":"ReadAction","target":["https:\/\/innhanhlpt.com\/index.php\/mau-san-pham\/"]}]},{"@type":"BreadcrumbList","@id":"https:\/\/innhanhlpt.com\/index.php\/mau-san-pham\/#breadcrumb","itemListElement":[{"@type":"ListItem","position":1,"name":"Trang ch\u1ee7","item":"https:\/\/innhanhlpt.com\/"},{"@type":"ListItem","position":2,"name":"M\u1eaaU S\u1ea2N PH\u1ea8M"}]},{"@type":"WebSite","@id":"https:\/\/innhanhlpt.com\/#website","url":"https:\/\/innhanhlpt.com\/","name":"In L\u00e2m Ph\u00fa T\u00e0i","description":"In nhanh l\u1ea5y ngay","publisher":{"@id":"https:\/\/innhanhlpt.com\/#organization"},"potentialAction":[{"@type":"SearchAction","target":{"@type":"EntryPoint","urlTemplate":"https:\/\/innhanhlpt.com\/?s={search_term_string}"},"query-input":"required name=search_term_string"}],"inLanguage":"vi"},{"@type":"Organization","@id":"https:\/\/innhanhlpt.com\/#organization","name":"In L\u00e2m Ph\u00fa T\u00e0i","url":"https:\/\/innhanhlpt.com\/","logo":{"@type":"ImageObject","inLanguage":"vi","@id":"https:\/\/innhanhlpt.com\/#\/schema\/logo\/image\/","url":"https:\/\/innhanhlpt.com\/wp-content\/uploads\/2023\/02\/LOGO-LPT-1.png","contentUrl":"https:\/\/innhanhlpt.com\/wp-content\/uploads\/2023\/02\/LOGO-LPT-1.png","width":1172,"height":1362,"caption":"In L\u00e2m Ph\u00fa T\u00e0i"},"image":{"@id":"https:\/\/innhanhlpt.com\/#\/schema\/logo\/image\/"}}]}},"_links":{"self":[{"href":"https:\/\/innhanhlpt.com\/index.php\/wp-json\/wp\/v2\/pages\/101","targetHints":{"allow":["GET"]}}],"collection":[{"href":"https:\/\/innhanhlpt.com\/index.php\/wp-json\/wp\/v2\/pages"}],"about":[{"href":"https:\/\/innhanhlpt.com\/index.php\/wp-json\/wp\/v2\/types\/page"}],"author":[{"embeddable":true,"href":"https:\/\/innhanhlpt.com\/index.php\/wp-json\/wp\/v2\/users\/1"}],"replies":[{"embeddable":true,"href":"https:\/\/innhanhlpt.com\/index.php\/wp-json\/wp\/v2\/comments?post=101"}],"version-history":[{"count":1,"href":"https:\/\/innhanhlpt.com\/index.php\/wp-json\/wp\/v2\/pages\/101\/revisions"}],"predecessor-version":[{"id":102,"href":"https:\/\/innhanhlpt.com\/index.php\/wp-json\/wp\/v2\/pages\/101\/revisions\/102"}],"wp:attachment":[{"href":"https:\/\/innhanhlpt.com\/index.php\/wp-json\/wp\/v2\/media?parent=101"}],"curies":[{"name":"wp","href":"https:\/\/api.w.org\/{rel}","templated":true}]}}